{"id":2492,"date":"2021-09-22T10:30:16","date_gmt":"2021-09-22T14:30:16","guid":{"rendered":"https:\/\/facturozor.fr\/?page_id=2492"},"modified":"2021-11-08T14:50:14","modified_gmt":"2021-11-08T18:50:14","slug":"tuto-balan-dijital","status":"publish","type":"page","link":"https:\/\/facturozor.fr\/index.php\/tuto-balan-dijital\/","title":{"rendered":"Tuto Balan Dijital"},"content":{"rendered":"<h1 style=\"text-align: center;\"><span style=\"\">Avez-vous finalis\u00e9 votre dossier<\/span><\/h1>\n<h1 style=\"text-align: center;\"><span style=\"\"><\/span><span style=\"\"><\/span>\u00ab\u00a0BALAN DIJITAL\u00a0\u00bb ?<\/h1>\n<p style=\"text-align: center;\">Qui peut financer 80% de votre abonnement sur 2 ans de FACTUROZOR<\/p>\n<p style=\"text-align: center;\">ainsi que le pack \u00ab\u00a0Cl\u00e9 en main\u00a0\u00bb incluant le &nbsp;param\u00e9trage et la formation<\/p>\n<h1 style=\"text-align: center;\">*** LIENS UTILES ***<\/h1>\n<p style=\"text-align: center;\"><span style=\"color: rgb(1, 54, 65);\">Pour r\u00e9cup\u00e9rer un K-bis :<\/span><a href=\"https:\/\/www.infogreffe.fr\/documents-officiels\/demande-kbis.html\" target=\"_blank\" style=\"outline: none;\" rel=\"noopener\">https:\/\/www.infogreffe.fr\/documents-officiels\/demande-kbis.html<\/a><\/p>\n<p style=\"text-align: center;\"><span style=\"color: rgb(0, 150, 136);\">Pour faire un devis sur LDLC-Pro<\/span> : <a href=\"https:\/\/www.ldlc-pro.com\/\" target=\"_blank\" style=\"outline: none;\" rel=\"noopener\">https:\/\/www.ldlc-pro.com\/<\/a><\/p>\n<p style=\"text-align: center;\"><span style=\"color: rgb(226, 125, 55);\">Pour en savoir plus sur FACTUROZOR<\/span> : <a href=\"https:\/\/facturozor.fr\/\" target=\"_blank\" style=\"outline: none;\" rel=\"noopener\">https:\/\/facturozor.fr\/<\/a><\/p>\n<p><span><img decoding=\"async\" alt=\"\" data-id=\"1809\" width=\"647\" data-init-width=\"1000\" height=\"294\" data-init-height=\"455\" title=\"Photo Offre FACTUROZOR\" src=\"https:\/\/facturozor.fr\/wp-content\/uploads\/2021\/05\/Photo-Offre-FACTUROZOR-e1621773952890.png\" data-width=\"647\" data-height=\"294\" style=\"\" loading=\"lazy\"><\/span><\/p>\n<p style=\"text-align: center;\">La suite compl\u00e8te de Facturozor rien que pour vous !<\/p>\n<h1 style=\"text-align: center; color: rgb(1, 54, 65) !important; --tcb-applied-color:rgb(1, 54, 65)  !important;\">N&rsquo;oubliez pas que vous avez une autre option : Facturozor s&rsquo;occupe de d\u00e9poser votre dossier !<\/h1>\n<p style=\"text-align: center;\">Cette offre est limit\u00e9e dans le temps <\/p>\n<p style=\"text-align: center;\">cliquez ci-dessous pour v\u00e9rifier que vous pouvez encore y b\u00e9n\u00e9ficier &#8230;<\/p>\n<p><a href=\"#\"><span><span>Instance 1<\/span><\/span><\/a><\/p>\n<h5 style=\"text-align: center;\"><strong>OFFRE Balan Dijital Express<\/strong><\/h5>\n<ul>\n<li style=\"\"><span>Cr\u00e9ation du compte<\/span><\/li>\n<li style=\"\"><span>R\u00e9cup\u00e9ration des pi\u00e8ces<\/span><\/li>\n<li style=\"\"><span>D\u00e9p\u00f4t du dossier<\/span><\/li>\n<\/ul>\n<p style=\"\">\u20ac<\/p>\n<p style=\"\">75<\/p>\n<p><span><\/span><span><\/span><span><\/span><\/p>\n","protected":false},"excerpt":{"rendered":"<p>Avez-vous finalis\u00e9 votre dossier \u00ab\u00a0BALAN DIJITAL\u00a0\u00bb ? Qui peut financer 80% de votre abonnement sur 2 ans de FACTUROZOR ainsi que le pack \u00ab\u00a0Cl\u00e9 en main\u00a0\u00bb incluant le &nbsp;param\u00e9trage et la formation *** LIENS UTILES *** Pour r\u00e9cup\u00e9rer un K-bis :https:\/\/www.infogreffe.fr\/documents-officiels\/demande-kbis.html Pour faire un devis sur LDLC-Pro : https:\/\/www.ldlc-pro.com\/ Pour en savoir plus sur FACTUROZOR [&hellip;]<\/p>\n","protected":false},"author":1,"featured_media":0,"parent":0,"menu_order":0,"comment_status":"closed","ping_status":"closed","template":"","meta":{"footnotes":""},"class_list":["post-2492","page","type-page","status-publish","hentry","post-wrapper","thrv_wrapper"],"_links":{"self":[{"href":"https:\/\/facturozor.fr\/index.php\/wp-json\/wp\/v2\/pages\/2492"}],"collection":[{"href":"https:\/\/facturozor.fr\/index.php\/wp-json\/wp\/v2\/pages"}],"about":[{"href":"https:\/\/facturozor.fr\/index.php\/wp-json\/wp\/v2\/types\/page"}],"author":[{"embeddable":true,"href":"https:\/\/facturozor.fr\/index.php\/wp-json\/wp\/v2\/users\/1"}],"replies":[{"embeddable":true,"href":"https:\/\/facturozor.fr\/index.php\/wp-json\/wp\/v2\/comments?post=2492"}],"version-history":[{"count":26,"href":"https:\/\/facturozor.fr\/index.php\/wp-json\/wp\/v2\/pages\/2492\/revisions"}],"predecessor-version":[{"id":2692,"href":"https:\/\/facturozor.fr\/index.php\/wp-json\/wp\/v2\/pages\/2492\/revisions\/2692"}],"wp:attachment":[{"href":"https:\/\/facturozor.fr\/index.php\/wp-json\/wp\/v2\/media?parent=2492"}],"curies":[{"name":"wp","href":"https:\/\/api.w.org\/{rel}","templated":true}]}}