{"id":1846,"date":"2021-05-26T11:31:54","date_gmt":"2021-05-26T15:31:54","guid":{"rendered":"https:\/\/facturozor.fr\/index.php\/clone-of-relance-bienveillante\/"},"modified":"2021-06-07T08:52:16","modified_gmt":"2021-06-07T12:52:16","slug":"demo-think-big","status":"publish","type":"page","link":"https:\/\/facturozor.fr\/index.php\/demo-think-big\/","title":{"rendered":"Inscription D\u00e9mo"},"content":{"rendered":"<p><span style=\"width: 100%;\"><img decoding=\"async\" alt=\"\" width=\"326\" height=\"102\" title=\"Image\" data-id=\"1738\" src=\"https:\/\/facturozor.fr\/wp-content\/uploads\/2021\/05\/Image.png\" style=\"\" data-width=\"326\" data-height=\"102\" data-init-width=\"800\" data-init-height=\"250\" loading=\"lazy\"><\/span><span style=\"width: 100%;\"><img decoding=\"async\" alt=\"\" width=\"326\" height=\"102\" title=\"LE CHARABIA (5)\" data-id=\"1822\" src=\"https:\/\/facturozor.fr\/wp-content\/uploads\/2021\/05\/LE-CHARABIA-5.png\" style=\"\" data-width=\"326\" data-height=\"102\" data-init-width=\"800\" data-init-height=\"250\" loading=\"lazy\"><\/span><\/p>\n<h1 style=\"text-align: center;\"><span style=\"color: var(--tcb-color-1);\">D\u00c9COUVREZ<\/span> L&rsquo;OUTIL FACTUROZOR !<\/h1>\n<h1 style=\"text-align: center;\"><span style=\"\">LE <span style=\"color: var(--tcb-color-1);\">REPLAY <\/span><span style=\"color: rgb(255, 255, 255);\">DU WEBINAIRE<\/span><span style=\"color: var(--tcb-color-1);\">&nbsp;&nbsp;<\/span><\/span><span style=\"color: var(--tcb-color-1);\">SP\u00c9CIAL D\u00c9MO EST DISPONIBLE<\/span><\/h1>\n<h4 style=\"text-align: center;\"><span style=\"\">Guillian, le concepteur vous fera une pr\u00e9sentation compl\u00e8te de l&rsquo;outil, des \u00e9volutions pr\u00e9vue en 2021<\/span><\/h4>\n<h4 style=\"text-align: center;\"><span style=\"\">et on terminera par un temps d&rsquo;\u00e9change afin de r\u00e9pondre \u00e0 toutes vos questions<\/span><\/h4>\n<p style=\"\">\u00c0 quelle adresse e-mail souhaitez vous recevoir le lien du Replay ?<\/p>\n<h2 style=\"text-align: center;\"><strong><span>3 dates de pr\u00e9sentation :&nbsp;<\/span><\/strong><\/h2>\n<p style=\"text-align: center;\"><span style=\"text-decoration: line-through;\"><span style=\"font-weight: bold; color: var(--tcb-color-1); font-size: 14px;\">Lundi 31 mai&nbsp;<\/span><span style=\"font-size: 14px;\"><b><strong>:&nbsp;<strong>11h45 (heure des antilles) \/ 12h45 (Heure de Guyane) \/ 17h45 (heure de l&rsquo;Hexagone) \/ 19h45 (heure de la R\u00e9union).<\/strong><\/strong><\/b><\/span><\/span><\/p>\n<p style=\"text-align: center;\"><span style=\"text-decoration: line-through;\"><span style=\"font-size: 14px;\"><strong><span><span style=\"color: var(--tcb-color-1);\">Jeudi 3 juin<\/span> :&nbsp;<strong><span><span>9h (heure des Antilles) \/ 10h (Heure de Guyane) \/ 15h (heure de l&rsquo;Hexagone) \/ 17h (heure de la R\u00e9union).<\/span><\/span><\/strong><\/span><\/strong><\/span><\/span><\/p>\n<p style=\"text-align: center;\"><span style=\"text-decoration: line-through;\"><strong><span><span style=\"font-size: 14px;\"><span style=\"color: var(--tcb-color-1);\">Samedi 5 juin<\/span> :&nbsp;<\/span><strong><span><span style=\"font-size: 14px;\">14h30 (heure des antilles) \/ 15h30 (Heure de Guyane) \/ 20h30 (heure de l&rsquo;Hexagone) \/ 22h30 (heure de la R\u00e9union).<\/span><\/span><\/strong><\/span><\/strong><\/span><\/p>\n<h3 style=\"text-align: center;\"><strong><span style=\"color: rgb(1, 54, 65);\">P<\/span><span style=\"color: var(--tcb-color-1);\">ILOTER &#8211; <\/span><span style=\"color: rgb(5, 74, 64);\">A<\/span><span style=\"color: var(--tcb-color-1);\">NALYSER &#8211; <\/span><span style=\"color: rgb(5, 74, 64);\">P<\/span><span style=\"color: var(--tcb-color-1);\">R\u00c9VOIR<\/span><\/strong><\/h3>\n<h2 style=\"text-align: center;\"><strong><span style=\"\">FACTUROZOR<\/span>, C&rsquo;EST L&rsquo;UNIQUE ASSOCI\u00c9 QUI VOUS AIDE AU QUOTIDIEN DANS LA <span style=\"\">POSTURE DE LEADER<\/span> <\/strong><\/h2>\n<h2 style=\"text-align: center;\"><strong>QUE VOUS M\u00c9RITEZ !<\/strong><\/h2>\n<p><span><a href=\"https:\/\/facturozor.kwinkie.com\/big\/accueil\/\" target=\"_blank\" rel=\"noopener\"><img decoding=\"async\" alt=\"\" data-id=\"1809\" width=\"811\" data-init-width=\"1000\" height=\"369\" data-init-height=\"455\" title=\"Photo Offre FACTUROZOR\" src=\"https:\/\/facturozor.fr\/wp-content\/uploads\/2021\/05\/Photo-Offre-FACTUROZOR-e1621773952890.png\" data-width=\"811\" data-height=\"369\" style=\"\" data-link-wrap=\"true\" loading=\"lazy\"><\/a><\/span><\/p>\n<p style=\"text-align: center;\">C&rsquo;est outil tout-en-un a \u00e9t\u00e9 con\u00e7u pour les entrepreneur.e.s passion\u00e9.e.s et d\u00e9termin\u00e9.e.s \u00e0 r\u00e9ussir qui ne sont<\/p>\n<p style=\"text-align: center;\"><strong><span style=\"color: var(--tcb-color-1);\">ni contr\u00f4leurs de gestion, ni directeurs financier&nbsp;<\/span><\/strong><span style=\"color: var(--tcb-color-1);\">et<strong>&nbsp;encore moins experts-comptables<\/strong> &#8230;<\/span><\/p>\n<p><span style=\"\"><img decoding=\"async\" alt=\"\" data-id=\"1814\" width=\"144\" data-init-width=\"200\" height=\"144\" data-init-height=\"200\" title=\"Vert clair de 200 200 (1)\" src=\"https:\/\/facturozor.fr\/wp-content\/uploads\/2021\/05\/Vert-clair-de-200-200-1.png\" data-width=\"144\" data-height=\"144\" style=\"\" ml-d=\"-18.718999999999994\" loading=\"lazy\"><\/span><\/p>\n<h4 style=\"\">\u201c<\/h4>\n<p style=\"text-align: justify;\">Excuse-moi l\u2019expression : Putain Guillian Facturozor me sauve la vie \ud83d\ude02\ud83d\ude01,Je suis perdu entre mes factures, devis, diff\u00e9rents clients&#8230; des que je me connecte tout devient plus clair \ud83d\udd25\ud83d\udd25\ud83d\udd25<\/p>\n<h4 style=\"\">E.Edmond<\/h4>\n<p style=\"\">Formateur<\/p>\n<p><span style=\"\"><img decoding=\"async\" alt=\"\" data-id=\"509\" width=\"144\" data-init-width=\"311\" height=\"144\" data-init-height=\"354\" title=\"photo roro\" src=\"https:\/\/facturozor.fr\/wp-content\/uploads\/2019\/01\/photo-roro.png\" data-width=\"144\" data-height=\"144\" style=\"\" ml-d=\"-18.718999999999994\" loading=\"lazy\"><\/span><\/p>\n<h4 style=\"\">\u201c<\/h4>\n<p style=\"text-align: justify;\">Je g\u00e8re 2 activit\u00e9s en parall\u00e8le. J&rsquo;utilise la solution d\u00e9velopp\u00e9e par Guillian vraiement pratique et tr\u00e8s fonctionnelle elle r\u00e9pond \u00e0 mes diff\u00e9rents besoins. &nbsp;Et de fa\u00e7on g\u00e9n\u00e9rale, ke me sens plus serein et plus professionnel dans ma gestion. Surtout le support client est Top ! Guillian est au petit soin pour s&rsquo;assurer que je suis toujours satisfait. Je valide<\/p>\n<h4 style=\"\">R.HOSPICE<\/h4>\n<p style=\"font-size: 11px !important;\">Fondateur de Clikodoc<\/p>\n<p><span style=\"\"><img decoding=\"async\" alt=\"\" data-id=\"1815\" width=\"144\" data-init-width=\"200\" height=\"144\" data-init-height=\"200\" title=\"Wtsp Jaguar de 200 200\" src=\"https:\/\/facturozor.fr\/wp-content\/uploads\/2021\/05\/Wtsp-Jaguar-de-200-200.png\" data-width=\"144\" data-height=\"144\" style=\"\" ml-d=\"-18.718999999999994\" loading=\"lazy\"><\/span><\/p>\n<h4 style=\"\">\u201c<\/h4>\n<p style=\"\">En tant qu ancien revendeur de logiciels de gestion Sinc\u00e8rement je trouve vraiment bien fait et r\u00e9fl\u00e9chi.Simple d utilisation et intuitif Bravo Guillian. Tu merite de rouler en Jaguar pour tout ce taff.<\/p>\n<h4 style=\"\">J.HOMESPUN<\/h4>\n<p style=\"font-size: 11px !important;\">Fondateur de tout-\u00e0-livrer<\/p>\n<p style=\"text-align: center;\">\u00a9 2021 FACTUROZOR est une marque de FACTUROZOR &#8211; Tous Droits R\u00e9serv\u00e9s<\/p>\n","protected":false},"excerpt":{"rendered":"<p>D\u00c9COUVREZ L&rsquo;OUTIL FACTUROZOR ! LE REPLAY DU WEBINAIRE&nbsp;&nbsp;SP\u00c9CIAL D\u00c9MO EST DISPONIBLE Guillian, le concepteur vous fera une pr\u00e9sentation compl\u00e8te de l&rsquo;outil, des \u00e9volutions pr\u00e9vue en 2021 et on terminera par un temps d&rsquo;\u00e9change afin de r\u00e9pondre \u00e0 toutes vos questions \u00c0 quelle adresse e-mail souhaitez vous recevoir le lien du Replay ? 3 dates de [&hellip;]<\/p>\n","protected":false},"author":1,"featured_media":0,"parent":0,"menu_order":0,"comment_status":"closed","ping_status":"closed","template":"","meta":{"footnotes":""},"class_list":["post-1846","page","type-page","status-publish","hentry","post-wrapper","thrv_wrapper"],"_links":{"self":[{"href":"https:\/\/facturozor.fr\/index.php\/wp-json\/wp\/v2\/pages\/1846"}],"collection":[{"href":"https:\/\/facturozor.fr\/index.php\/wp-json\/wp\/v2\/pages"}],"about":[{"href":"https:\/\/facturozor.fr\/index.php\/wp-json\/wp\/v2\/types\/page"}],"author":[{"embeddable":true,"href":"https:\/\/facturozor.fr\/index.php\/wp-json\/wp\/v2\/users\/1"}],"replies":[{"embeddable":true,"href":"https:\/\/facturozor.fr\/index.php\/wp-json\/wp\/v2\/comments?post=1846"}],"version-history":[{"count":10,"href":"https:\/\/facturozor.fr\/index.php\/wp-json\/wp\/v2\/pages\/1846\/revisions"}],"predecessor-version":[{"id":1871,"href":"https:\/\/facturozor.fr\/index.php\/wp-json\/wp\/v2\/pages\/1846\/revisions\/1871"}],"wp:attachment":[{"href":"https:\/\/facturozor.fr\/index.php\/wp-json\/wp\/v2\/media?parent=1846"}],"curies":[{"name":"wp","href":"https:\/\/api.w.org\/{rel}","templated":true}]}}